{"id":12,"date":"2023-06-21T09:39:56","date_gmt":"2023-06-21T09:39:56","guid":{"rendered":"https:\/\/pacvac.dk\/?page_id=12"},"modified":"2023-11-09T18:43:22","modified_gmt":"2023-11-09T18:43:22","slug":"pacvac-frontpage","status":"publish","type":"page","link":"https:\/\/pacvac.dk\/","title":{"rendered":"Pacvac frontpage"},"content":{"rendered":"<div class=\"gb-container gb-container-96525223 alignfull\">\n<div class=\"gb-container gb-container-32efa710\">\n\n<figure class=\"gb-block-image gb-block-image-579b4c87\"><img loading=\"lazy\" decoding=\"async\" width=\"600\" height=\"143\" class=\"gb-image gb-image-579b4c87\" src=\"https:\/\/pacvac.dk\/wp-content\/uploads\/2023\/11\/Pacvac_logo.png\" alt=\"\" title=\"Pacvac_logo\" srcset=\"https:\/\/pacvac.dk\/wp-content\/uploads\/2023\/11\/Pacvac_logo.png 600w, https:\/\/pacvac.dk\/wp-content\/uploads\/2023\/11\/Pacvac_logo-300x72.png 300w\" sizes=\"auto, (max-width: 600px) 100vw, 600px\" \/><\/figure>\n\n\n\n<h1 class=\"gb-headline gb-headline-97f7d97c gb-headline-text\">Hvordan v\u00e6lger du den bedste rygst\u00f8vsuger til din reng\u00f8ring?<\/h1>\n\n<\/div>\n<\/div>\n\n<div class=\"gb-container gb-container-69c0a977\">\n<div class=\"gb-container gb-container-bcc02ea3\">\n<div class=\"gb-grid-wrapper gb-grid-wrapper-1231d8a3\">\n<div class=\"gb-grid-column gb-grid-column-1b9aece1\"><div class=\"gb-container gb-container-1b9aece1\">\n\n<h2 class=\"gb-headline gb-headline-56a861d8 gb-headline-text\">Vi er her for at hj\u00e6lpe dig med at v\u00e6lge den bedste Pacvac rygst\u00f8vsuger til din virksomhed<\/h2>\n\n\n\n<p class=\"gb-headline gb-headline-20cb2de8 gb-headline-text\">Hos Dust2Clean forst\u00e5r vi vigtigheden af at have en p\u00e5lidelig og effektiv rygst\u00f8vsuger, der kan h\u00e5ndtere alle dine reng\u00f8ringsbehov. <\/p>\n\n\n\n<p class=\"gb-headline gb-headline-ee9b58c1 gb-headline-text\">Vi  guide dig gerne med at tr\u00e6ffe den rette beslutning. <\/p>\n\n\n\n<p class=\"gb-headline gb-headline-313278db gb-headline-text\">L\u00e6s med lidt endnu.<\/p>\n\n\n\n<p>Pacvac&#8217;s rygst\u00f8vsugere er den professionelle reng\u00f8ringsbranches f\u00f8rstevalg, n\u00e5r det kommer til produkter med h\u00f8j ydeevne. Forst\u00e6rket af vores verdensklasse ergonomiske sele er vores lette rygst\u00f8vsuger, designet til at passe til alle kropstyper og give optimal komfort.<\/p>\n\n\n\n<p>Alle modeller har h\u00f8jniveaufiltrering og, n\u00e5r de kombineres med Pacvacs unikke luftstr\u00f8mssystemer, leverer de ultimativ sugeevne.<\/p>\n\n\n\n<a class=\"gb-button gb-button-49ed0aa7 gb-button-text gb-button-Blue-button\" href=\"#fordele\">Se Pacvacs fordele<\/a>\n\n<\/div><\/div>\n\n<div class=\"gb-grid-column gb-grid-column-9f80a59d\"><div class=\"gb-container gb-container-9f80a59d\">\n\n<figure class=\"wp-block-image size-full\"><img loading=\"lazy\" decoding=\"async\" width=\"600\" height=\"1021\" src=\"https:\/\/pacvac.dk\/wp-content\/uploads\/2023\/06\/VB001VE02A01.jpg\" alt=\"\" class=\"wp-image-25\" srcset=\"https:\/\/pacvac.dk\/wp-content\/uploads\/2023\/06\/VB001VE02A01.jpg 600w, https:\/\/pacvac.dk\/wp-content\/uploads\/2023\/06\/VB001VE02A01-176x300.jpg 176w\" sizes=\"auto, (max-width: 600px) 100vw, 600px\" \/><\/figure>\n\n<\/div><\/div>\n<\/div>\n<\/div>\n<\/div>\n\n<div class=\"gb-container gb-container-614d9145\">\n<div class=\"gb-container gb-container-18ebd792\">\n<div class=\"gb-grid-wrapper gb-grid-wrapper-59868f02\">\n<div class=\"gb-grid-column gb-grid-column-f1eb5215\"><div class=\"gb-container gb-container-f1eb5215\">\n\n<figure class=\"gb-block-image gb-block-image-e77878cd\"><img loading=\"lazy\" decoding=\"async\" width=\"800\" height=\"533\" class=\"gb-image gb-image-e77878cd\" src=\"https:\/\/pacvac.dk\/wp-content\/uploads\/2023\/11\/pacvac-bar.jpg\" alt=\"\" title=\"pacvac-bar\" srcset=\"https:\/\/pacvac.dk\/wp-content\/uploads\/2023\/11\/pacvac-bar.jpg 800w, https:\/\/pacvac.dk\/wp-content\/uploads\/2023\/11\/pacvac-bar-300x200.jpg 300w, https:\/\/pacvac.dk\/wp-content\/uploads\/2023\/11\/pacvac-bar-768x512.jpg 768w\" sizes=\"auto, (max-width: 800px) 100vw, 800px\" \/><\/figure>\n\n<\/div><\/div>\n\n<div class=\"gb-grid-column gb-grid-column-b871a298\"><div class=\"gb-container gb-container-b871a298\">\n\n<figure class=\"gb-block-image gb-block-image-9667d2b3\"><img loading=\"lazy\" decoding=\"async\" width=\"800\" height=\"533\" class=\"gb-image gb-image-9667d2b3\" src=\"https:\/\/pacvac.dk\/wp-content\/uploads\/2023\/11\/pacvac-sofa.jpg\" alt=\"\" title=\"pacvac-sofa\" srcset=\"https:\/\/pacvac.dk\/wp-content\/uploads\/2023\/11\/pacvac-sofa.jpg 800w, https:\/\/pacvac.dk\/wp-content\/uploads\/2023\/11\/pacvac-sofa-300x200.jpg 300w, https:\/\/pacvac.dk\/wp-content\/uploads\/2023\/11\/pacvac-sofa-768x512.jpg 768w\" sizes=\"auto, (max-width: 800px) 100vw, 800px\" \/><\/figure>\n\n<\/div><\/div>\n\n<div class=\"gb-grid-column gb-grid-column-5075a808\"><div class=\"gb-container gb-container-5075a808\">\n\n<figure class=\"gb-block-image gb-block-image-bfc0219f\"><img loading=\"lazy\" decoding=\"async\" width=\"800\" height=\"533\" class=\"gb-image gb-image-bfc0219f\" src=\"https:\/\/pacvac.dk\/wp-content\/uploads\/2023\/11\/pacvac-trappe.jpg\" alt=\"\" title=\"pacvac-trappe\" srcset=\"https:\/\/pacvac.dk\/wp-content\/uploads\/2023\/11\/pacvac-trappe.jpg 800w, https:\/\/pacvac.dk\/wp-content\/uploads\/2023\/11\/pacvac-trappe-300x200.jpg 300w, https:\/\/pacvac.dk\/wp-content\/uploads\/2023\/11\/pacvac-trappe-768x512.jpg 768w\" sizes=\"auto, (max-width: 800px) 100vw, 800px\" \/><\/figure>\n\n<\/div><\/div>\n<\/div>\n<\/div>\n<\/div>\n\n<div class=\"gb-container gb-container-bf68c7fa\">\n<div class=\"gb-container gb-container-2fa861c1\">\n\n<figure class=\"wp-block-embed is-type-video is-provider-vimeo wp-block-embed-vimeo wp-embed-aspect-16-9 wp-has-aspect-ratio\"><div class=\"wp-block-embed__wrapper\">\n<iframe loading=\"lazy\" title=\"Machine Overview (700ba)\" src=\"https:\/\/player.vimeo.com\/video\/335325469?dnt=1&amp;app_id=122963\" width=\"1200\" height=\"675\" frameborder=\"0\" allow=\"autoplay; fullscreen; picture-in-picture\"><\/iframe>\n<\/div><\/figure>\n\n<\/div>\n<\/div>\n\n<div class=\"gb-container gb-container-c849e323\" id=\"fordele\">\n<div class=\"gb-container gb-container-db409456\">\n<div class=\"gb-grid-wrapper gb-grid-wrapper-5740c5e6\">\n<div class=\"gb-grid-column gb-grid-column-6d229f15\"><div class=\"gb-container gb-container-6d229f15\">\n\n<h2 class=\"gb-headline gb-headline-a50d933c gb-headline-text\">Fordele ved Pacvac rygst\u00f8vsugere<\/h2>\n\n\n\n<p>Pacvacs lette rygst\u00f8vsugere med ledning og ledningsfri rygst\u00f8vsugere er den professionelle reng\u00f8ringsindustris nummer et valg, der giver kraftfuld sugning, b\u00e6rbarhed og h\u00f8j effektivitet.<\/p>\n\n\n\n<p>Rygst\u00f8vsugere er mere effektive end traditionelle opretst\u00e5ende st\u00f8vsugere og st\u00f8vsugere. Med en kraftig motor og st\u00e6rkt sug er de i stand til at reng\u00f8re gulve hurtigt uden at g\u00e5 p\u00e5 kompromis med kvaliteten af det rene.<\/p>\n\n\n\n<p>Ved at b\u00e6re rygst\u00f8vsugere p\u00e5 ryggen er der mindre tid til at skubbe eller tr\u00e6kke maskiner rundt og mere tid brugt p\u00e5 reng\u00f8ring. Brugere er i stand til at bev\u00e6ge sig mere frit og hurtigere end med en opretst\u00e5ende eller almindelig st\u00f8vsuger. Dette er ideelt til reng\u00f8ring af store rum, herunder kontorer, skoler og hoteller m.m. Den frihed til at bev\u00e6ge sig, som rygst\u00f8vsugere giver, g\u00f8r det nemt at reng\u00f8re trange rum og tidligere sv\u00e6rt tilg\u00e6ngelige omr\u00e5der som trapper og under m\u00f8bler.<\/p>\n\n<\/div><\/div>\n\n<div class=\"gb-grid-column gb-grid-column-822ecf86\"><div class=\"gb-container gb-container-822ecf86\">\n\n<figure class=\"gb-block-image gb-block-image-0626ee24\"><img decoding=\"async\" class=\"gb-image gb-image-0626ee24\" src=\"https:\/\/static-shop.pacvac.com\/media\/humaan_categorybenefit\/benefit\/Pacvac-benefits-1_1.jpg\" alt=\"\"\/><\/figure>\n\n<\/div><\/div>\n<\/div>\n<\/div>\n<\/div>\n\n<div class=\"gb-container gb-container-af16f68b\">\n<div class=\"gb-container gb-container-ae08ae1e\">\n<div class=\"gb-grid-wrapper gb-grid-wrapper-2bf5ddb7\">\n<div class=\"gb-grid-column gb-grid-column-a4b5cd2e\"><div class=\"gb-container gb-container-a4b5cd2e\">\n\n<h5 class=\"gb-headline gb-headline-b8d93b26\"><span class=\"gb-icon\"><svg viewBox=\"0 0 512 512\" height=\"1em\" xmlns=\"http:\/\/www.w3.org\/2000\/svg\"><path d=\"M376 80a24 24 0 1 0 0-48 24 24 0 1 0 0 48zm0-80a56 56 0 1 1 0 112A56 56 0 1 1 376 0zM217.4 112H224h48 2.2l2.2 .6 112 32 8.5 2.4 2.4 8.5L428.1 256H496h16v32H496 416 403.9l-3.3-11.6-20.3-70.9L343.2 317.1c-.2 .5-.3 .9-.5 1.3l49.2 27.7 11.7 6.6-4.5 12.7L347.3 512H313.4l51.1-144.6-93.3-52.5c-20-11.3-29.3-35.2-22-57l36.4-109.3L269.8 144H230.6l-59.3 59.3 0 0-22.6-22.6 0 0 64-64 4.7-4.7zm99 45.3L279.5 268c-2.4 7.3 .7 15.2 7.3 19l27.5 15.4 44.3-133-42.2-12.1zM226 314.1c5.9 10 14.1 18.7 24.1 25.4l-27.4 66.6-4.1 9.9H208 112 96V384h16 85.3L226 314.1zM16 95.8H144h16v32H144 16 0v-32H16zm-16 64H16 80 96v32H80 16 0v-32zm16 64H144h16v32H144 16 0v-32H16z\"><\/path><\/svg><\/span><span class=\"gb-headline-text\">reng\u00f8ring 4x hurtigere<\/span><\/h5>\n\n\n\n<p class=\"gb-headline gb-headline-940b6b59 gb-headline-text\">Det er bevist at rygst\u00f8vsugere er op til 4 gange hurtigere end en ledningst\u00f8vsuger.<\/p>\n\n<\/div><\/div>\n\n<div class=\"gb-grid-column gb-grid-column-2189687a\"><div class=\"gb-container gb-container-2189687a\">\n\n<h5 class=\"gb-headline gb-headline-bce23a6e\"><span class=\"gb-icon\"><svg viewBox=\"0 0 512 512\" height=\"1em\" xmlns=\"http:\/\/www.w3.org\/2000\/svg\"><path d=\"M480 256A224 224 0 1 0 32 256a224 224 0 1 0 448 0zM0 256a256 256 0 1 1 512 0A256 256 0 1 1 0 256zm129.7 71.2l28.6-14.3c8.7 17.5 41.3 55.2 97.7 55.2s88.9-37.7 97.7-55.2l28.6 14.3C369.7 352.3 327.6 400 256 400s-113.7-47.7-126.3-72.8zM152.4 208a24 24 0 1 1 48 0 24 24 0 1 1 -48 0zm184-24a24 24 0 1 1 0 48 24 24 0 1 1 0-48z\"><\/path><\/svg><\/span><span class=\"gb-headline-text\">B\u00e6rbar komfort<\/span><\/h5>\n\n\n\n<p class=\"gb-headline gb-headline-aae6e5f1 gb-headline-text\">Leverer de letteste og mest komfortable rygst\u00f8vsugere, hvilket giver brugerne fuld frihed, n\u00e5r de tackler deres daglige reng\u00f8ringsopgaver.<\/p>\n\n<\/div><\/div>\n\n<div class=\"gb-grid-column gb-grid-column-6a373d73\"><div class=\"gb-container gb-container-6a373d73\">\n\n<h5 class=\"gb-headline gb-headline-3f40e469\"><span class=\"gb-icon\"><svg viewBox=\"0 0 512 512\" height=\"1em\" xmlns=\"http:\/\/www.w3.org\/2000\/svg\"><path d=\"M160 154.3C199.7 114.6 266 85.2 336.3 65c50.4-14.5 100.5-23.7 139.5-28.8c-5.2 39-14.3 89.1-28.8 139.5c-4.7 16.4-9.9 32.6-15.7 48.3H310.6l37.6-37.6 11.3-11.3-22.6-22.6-11.3 11.3L116.4 373C96.1 345.5 91 310.2 98 272.2c8.1-44.3 32.4-88.3 62-118zM116.2 418.4c77.8 61.8 199.5 20.9 264.2-43.8c80.9-80.9 116.5-247.3 128.2-342.2c1.5-12.1 2.6-23 3.4-32.4c-9.4 .8-20.3 1.9-32.4 3.4c-95 11.8-261.3 47.4-342.2 128.2C72.7 196.3 31.7 318 93.6 395.8L14.3 475.1 3 486.4 25.6 509l11.3-11.3 79.3-79.3zM139 395.6L182.6 352H357.7c-29.6 29.6-73.7 53.9-118 62c-38 7-73.2 1.8-100.7-18.4zM384 320H214.6l64-64h140c-10.2 23.5-21.7 45.2-34.6 64z\"><\/path><\/svg><\/span><span class=\"gb-headline-text\">Let og ubesv\u00e6ret<\/span><\/h5>\n\n\n\n<p class=\"gb-headline gb-headline-719920b5 gb-headline-text\">Ultra let og nem at bruge, hvilket giver dig frihed og komfort, mens du g\u00f8r arbejder.<\/p>\n\n<\/div><\/div>\n\n<div class=\"gb-grid-column gb-grid-column-da1e1a18\"><div class=\"gb-container gb-container-da1e1a18\">\n\n<h5 class=\"gb-headline gb-headline-fb10956b\"><span class=\"gb-icon\"><svg viewBox=\"0 0 512 512\" height=\"1em\" xmlns=\"http:\/\/www.w3.org\/2000\/svg\"><path d=\"M272 146.5v19.1c-12.8-3.9-26.3-8.9-39.7-15.3C216.2 131 202.1 109 192.2 84.7c-4.3 9.4-8.5 19.8-12.4 31.3c-9.1-8.3-17.2-17.4-24-27.5c7.6-19.3 16-35.7 23.9-48.9C191.9 19.4 203.1 6.3 210 .3c-1 15.9 .3 31.2 3.6 45.7c8.7 38.8 31 72.5 58.4 100.5zM88.1 23l7.6 37.9c11.5 57.4 50.8 92.7 96.8 114.7C231 194 273 202.4 304 206.3l0-62.3c0-44.2 35.8-80 80-80H488h24.3l-9.6 22.3-22.7 53V288c0 88.4-71.6 160-160 160H248.6l-78.9 60.7-4.3 3.3H160 80 73.4l-4.7-4.7-64-64-16-16 20.4-9.8 110.7-52.9C78.3 333.7 32 280.5 32 192C32 111.6 54.5 73.3 66.7 55.1L88.1 23zM76.6 106C69.8 125.2 64 152.7 64 192c0 89.9 55.5 136.8 96.3 161.2l25.6 15.3-26.9 12.9L43.3 436.7 86.6 480h67.9l78.9-60.7 4.3-3.3h5.4H320c70.7 0 128-57.3 128-128V136v-3.3l1.3-3L463.7 96H384c-26.5 0-48 21.5-48 48l0 80 0 17.4-17.3-1.4c-32.8-2.7-88.7-11-140-35.5C137.4 184.7 98 153.8 76.6 106zM360 160a24 24 0 1 1 48 0 24 24 0 1 1 -48 0z\"><\/path><\/svg><\/span><span class=\"gb-headline-text\">bev\u00e6gelsesfrihed<\/span><\/h5>\n\n\n\n<p class=\"gb-headline gb-headline-36f25d91 gb-headline-text\">Rygst\u00f8vsugere giver dig mulighed for at opleve et uovertruffent niveau af frihed og bev\u00e6gelse under enhver reng\u00f8ringsopgave, stor som lille.<\/p>\n\n<\/div><\/div>\n\n<div class=\"gb-grid-column gb-grid-column-71b0d441\"><div class=\"gb-container gb-container-71b0d441\">\n\n<h5 class=\"gb-headline gb-headline-97b0cf53\"><span class=\"gb-icon\"><svg viewBox=\"0 0 576 512\" height=\"1em\" xmlns=\"http:\/\/www.w3.org\/2000\/svg\"><path d=\"M32 32V224H544V32H32zM0 0H32 544h32V32 224v32H544 32 0V224 32 0zM112 128H464h16v32H464 112 96V128h16zM256 288V432c0 44.2-35.8 80-80 80s-80-35.8-80-80c0-29.6 16.1-55.5 40-69.3l16 27.7c-14.4 8.3-24 23.8-24 41.6c0 26.5 21.5 48 48 48s48-21.5 48-48V288h32zm64 112V288h32V400c0 26.5 21.5 48 48 48s48-21.5 48-48c0-17.7-9.6-33.3-24-41.6l16-27.7c23.9 13.8 40 39.7 40 69.3c0 44.2-35.8 80-80 80s-80-35.8-80-80z\"><\/path><\/svg><\/span><span class=\"gb-headline-text\">H\u00f8j filtrering for renere luft<\/span><\/h5>\n\n\n\n<p class=\"gb-headline gb-headline-a7d0f23c gb-headline-text\">4-trins filtrering muligg\u00f8r ensartet luftstr\u00f8m gennem maskinen, n\u00e5r st\u00f8vposen fyldes, hvilket efterlader luften renere, end den finder den.<\/p>\n\n<\/div><\/div>\n\n<div class=\"gb-grid-column gb-grid-column-51bbd91d\"><div class=\"gb-container gb-container-51bbd91d\">\n\n<h5 class=\"gb-headline gb-headline-3ea340fd\"><span class=\"gb-icon\"><svg viewBox=\"0 0 576 512\" height=\"1em\" xmlns=\"http:\/\/www.w3.org\/2000\/svg\"><path d=\"M374.6 164L306.1 34.3 288.1 0 270 34.3 201.5 164 57.1 189l-38.2 6.6 27 27.8L148.1 328.5 127.2 473.6 121.7 512l34.8-17.1 131.6-64.7 131.6 64.7L454.4 512l-5.5-38.4L428 328.5 530.2 223.4l27-27.8L519 189 374.6 164zM492 216.8l-86.9 89.4-11 11.3 2.2 15.6 17.8 123.5-111.9-55-14.1-6.9-14.1 6.9L162 456.5l17.8-123.5 2.2-15.6-11-11.3L84.1 216.8 207 195.5l15.5-2.7 7.3-13.9L288.1 68.6l58.2 110.3 7.3 13.9 15.5 2.7L492 216.8z\"><\/path><\/svg><\/span><span class=\"gb-headline-text\">Proffesionel karakterer<\/span><\/h5>\n\n\n\n<p class=\"gb-headline gb-headline-8ea24562 gb-headline-text\">Pacvac rygst\u00f8vsugere er bygget til at holde. Designet med de bedste materialer fra verden for at sikre din maskines lange levetid.<\/p>\n\n<\/div><\/div>\n<\/div>\n<\/div>\n<\/div>\n\n\n<h2 class=\"gb-headline gb-headline-d93c7153 gb-headline-text\">Udvalg af st\u00f8vsugere<\/h2>\n\n\n<div class=\"gb-container gb-container-55475ae4\">\n<div class=\"gb-container gb-container-8c0f0761\">\n<div class=\"gb-grid-wrapper gb-grid-wrapper-50c5c49b\">\n<div class=\"gb-grid-column gb-grid-column-aa2e45bc\"><div class=\"gb-container gb-container-aa2e45bc\">\n\n<figure class=\"wp-block-image size-large\"><img decoding=\"async\" src=\"https:\/\/dust2clean.dk\/wp-content\/uploads\/\/4020.png\" alt=\"\"\/><\/figure>\n\n\n\n<h4 class=\"gb-headline gb-headline-6d910ee2 gb-headline-text\">Superpro advance 700 kabel<\/h4>\n\n\n\n<p><\/p>\n\n\n\n<p><\/p>\n\n\n\n<p><\/p>\n\n\n\n<p class=\"has-text-align-center\" style=\"font-size:16px\">En rygst\u00f8vsuger giver brugeren frihed og st\u00e6rk sugekraft til at levere h\u00f8j produktivitet og en dyb reng\u00f8ring til store kommercielle milj\u00f8er.<\/p>\n\n\n\n<a class=\"gb-button gb-button-7776b26f gb-button-text gb-button-Blue-button\" href=\"https:\/\/dust2clean.dk\/produkter\/rengoringsmaskiner\/stovsuger\/stoevsuger-toer\/pacvac-superpro-700-rygstoevsuger-230-volt\/\" target=\"_blank\" rel=\"noopener noreferrer\">Bestil model<\/a>\n\n<\/div><\/div>\n\n<div class=\"gb-grid-column gb-grid-column-16a5ff10\"><div class=\"gb-container gb-container-16a5ff10\">\n\n<figure class=\"wp-block-image size-full\"><img loading=\"lazy\" decoding=\"async\" width=\"400\" height=\"680\" src=\"https:\/\/pacvac.dk\/wp-content\/uploads\/2023\/11\/pacvac-superpro-battery.jpg\" alt=\"\" class=\"wp-image-55\" srcset=\"https:\/\/pacvac.dk\/wp-content\/uploads\/2023\/11\/pacvac-superpro-battery.jpg 400w, https:\/\/pacvac.dk\/wp-content\/uploads\/2023\/11\/pacvac-superpro-battery-176x300.jpg 176w\" sizes=\"auto, (max-width: 400px) 100vw, 400px\" \/><\/figure>\n\n\n\n<h4 class=\"gb-headline gb-headline-a6065c02 gb-headline-text\">Superpro advance 700 med 2 batterier<\/h4>\n\n\n\n<p><\/p>\n\n\n\n<p class=\"has-text-align-center\" style=\"font-size:16px\">Designet med avanceret batterikraft og en b\u00f8rstel\u00f8s motor, er denne tr\u00e5dl\u00f8se rygst\u00f8vsuger det perfekte valg, hvis du leder efter man\u00f8vredygtighed, effektivitet og sugeevne til kommerciel reng\u00f8ring i stor skala.<\/p>\n\n\n\n<a class=\"gb-button gb-button-02b6cb15 gb-button-text gb-button-Blue-button\" href=\"https:\/\/dust2clean.dk\/produkter\/rengoringsmaskiner\/stovsuger\/stoevsuger-toer\/pacvac-rygstoevsuger-batteri-36-volt-incl-2-batterier\/\" target=\"_blank\" rel=\"noopener noreferrer\">Bestil model<\/a>\n\n<\/div><\/div>\n\n<div class=\"gb-grid-column gb-grid-column-5115a264\"><div class=\"gb-container gb-container-5115a264\">\n\n<figure class=\"wp-block-image size-full\"><img loading=\"lazy\" decoding=\"async\" width=\"400\" height=\"680\" src=\"https:\/\/pacvac.dk\/wp-content\/uploads\/2023\/11\/pacvac-superpro-battery.jpg\" alt=\"\" class=\"wp-image-55\" srcset=\"https:\/\/pacvac.dk\/wp-content\/uploads\/2023\/11\/pacvac-superpro-battery.jpg 400w, https:\/\/pacvac.dk\/wp-content\/uploads\/2023\/11\/pacvac-superpro-battery-176x300.jpg 176w\" sizes=\"auto, (max-width: 400px) 100vw, 400px\" \/><\/figure>\n\n\n\n<h4 class=\"gb-headline gb-headline-160971e3 gb-headline-text\">Superpro advance 700 med 4 batterier<\/h4>\n\n\n\n<p><\/p>\n\n\n\n<p><\/p>\n\n\n\n<p class=\"has-text-align-center\" style=\"font-size:16px\">Vi forsyner dig med fire batteripakker, to er n\u00f8dvendige for maskinens drift, og de to andre leveres bekvemt som reservedele for at holde dig p\u00e5 reng\u00f8ringen l\u00e6ngere.<\/p>\n\n\n\n<a class=\"gb-button gb-button-3ba71583 gb-button-text gb-button-Blue-button\" href=\"https:\/\/dust2clean.dk\/produkter\/rengoringsmaskiner\/stovsuger\/stoevsuger-toer\/pacvac-rygstoevsuger-batteri-36-volt\/\" target=\"_blank\" rel=\"noopener noreferrer\">Bestil model<\/a>\n\n<\/div><\/div>\n\n<div class=\"gb-grid-column gb-grid-column-975159f8\"><div class=\"gb-container gb-container-975159f8\">\n\n<figure class=\"wp-block-image size-full\"><img loading=\"lazy\" decoding=\"async\" width=\"400\" height=\"680\" src=\"https:\/\/pacvac.dk\/wp-content\/uploads\/2023\/11\/pacvac-velo.jpg\" alt=\"\" class=\"wp-image-54\" srcset=\"https:\/\/pacvac.dk\/wp-content\/uploads\/2023\/11\/pacvac-velo.jpg 400w, https:\/\/pacvac.dk\/wp-content\/uploads\/2023\/11\/pacvac-velo-176x300.jpg 176w\" sizes=\"auto, (max-width: 400px) 100vw, 400px\" \/><\/figure>\n\n\n\n<h4 class=\"gb-headline gb-headline-e19aa74b gb-headline-text\">Pacvac Velo med batteri<\/h4>\n\n\n\n<h4 class=\"gb-headline gb-headline-3114375a gb-headline-text\"> <\/h4>\n\n\n\n<p class=\"has-text-align-center\" style=\"font-size:16px\"><strong>Ve<\/strong>lo er kraftfuld nok til at klare store kommercielle reng\u00f8ringer, lille nok til at komme ind i trange rum. Velo er et alsidigt reng\u00f8ringsv\u00e6rkt\u00f8j til b\u00e5de professionelle og dem, der \u00f8nsker at opn\u00e5 en professionel kvalitetsreng\u00f8ring derhjemme.<\/p>\n\n\n\n<a class=\"gb-button gb-button-8a2db412 gb-button-text gb-button-Blue-button\" href=\"https:\/\/dust2clean.dk\/produkter\/rengoringsmaskiner\/stovsuger\/stoevsuger-toer\/pacvac-velo-rygstoevsuger-batteri-36-volt\/\" target=\"_blank\" rel=\"noopener noreferrer\">Bestil model<\/a>\n\n<\/div><\/div>\n<\/div>\n<\/div>\n<\/div>\n\n\n<div style=\"height:130px\" aria-hidden=\"true\" class=\"wp-block-spacer\"><\/div>\n","protected":false},"excerpt":{"rendered":"<p>Hvordan v\u00e6lger du den bedste rygst\u00f8vsuger til din reng\u00f8ring? Udvalg af st\u00f8vsugere<\/p>\n","protected":false},"author":2,"featured_media":0,"parent":0,"menu_order":0,"comment_status":"closed","ping_status":"closed","template":"","meta":{"footnotes":""},"class_list":["post-12","page","type-page","status-publish"],"_links":{"self":[{"href":"https:\/\/pacvac.dk\/index.php?rest_route=\/wp\/v2\/pages\/12","targetHints":{"allow":["GET"]}}],"collection":[{"href":"https:\/\/pacvac.dk\/index.php?rest_route=\/wp\/v2\/pages"}],"about":[{"href":"https:\/\/pacvac.dk\/index.php?rest_route=\/wp\/v2\/types\/page"}],"author":[{"embeddable":true,"href":"https:\/\/pacvac.dk\/index.php?rest_route=\/wp\/v2\/users\/2"}],"replies":[{"embeddable":true,"href":"https:\/\/pacvac.dk\/index.php?rest_route=%2Fwp%2Fv2%2Fcomments&post=12"}],"version-history":[{"count":5,"href":"https:\/\/pacvac.dk\/index.php?rest_route=\/wp\/v2\/pages\/12\/revisions"}],"predecessor-version":[{"id":115,"href":"https:\/\/pacvac.dk\/index.php?rest_route=\/wp\/v2\/pages\/12\/revisions\/115"}],"wp:attachment":[{"href":"https:\/\/pacvac.dk\/index.php?rest_route=%2Fwp%2Fv2%2Fmedia&parent=12"}],"curies":[{"name":"wp","href":"https:\/\/api.w.org\/{rel}","templated":true}]}}